 - 196, -v - 3*z = -43. List the prime factors of v.
2, 13
Let d(j) = -17*j - 4. Let i = -4 - -11. Suppose 5*y - 6 = i*y. What are the prime factors of d(y)?
47
Let o(q) = -30*q**2 + 1325*q - 30. What are the prime factors of o(40)?
2, 5, 7, 71
Suppose -4*f + 128680 = 5*g - 88958, -13*g + 565881 = 3*f. List the prime factors of g.
2, 3, 5, 1451
Let a(v) = -v**3 - 3*v - 12 + 12 - 6*v**2. Let c be a(-2). List the prime factors of -2*((-4)/c + 1288/(-20)).
2
Suppose -2*h + 68 = -o, 50*h - 160 = 2*o + 52*h. Let t = o - -141. List the prime factors of t.
5, 13
Suppose s = 3*g - 9, -4*g - 2*s = s - 25. Suppose 2*u - 59 + 19 = g*d, 5*u - 126 = -3*d. What are the prime factors of u?
2, 3
Let j(s) = 28*s**2 - 61*s - 32. List the prime factors of j(8).
2, 3, 53
Suppose 3*m + 9 = 12, 0 = 2*d + 3*m - 48633. What are the prime factors of d?
3, 5, 1621
Let h(x) = 69*x**2 + 5*x + 7316. List the prime factors of h(0).
2, 31, 59
Suppose 159*z - 210 = 152*z. Suppose 0 = z*h - 7150 + 2440. What are the prime factors of h?
157
Suppose 6*i + 74 - 560 = 0. Suppose 5 = -5*w, -3*w = 4*y - 2*y + 21. Let t = i - y. What are the prime factors of t?
2, 3, 5
Let x = -146 - -150. Suppose -25 = -x*c + 887. What are the prime factors of c?
2, 3, 19
Suppose 12 - 194 = 7*a. Let d = a + 27. Let z(i) = 53*i**2 - i + 1. List the prime factors of z(d).
53
What are the prime factors of ((-41 - -39)/((-1)/3793))/1?
2, 3793
Let k = 2262 + -1581. List the prime factors of k.
3, 227
Suppose -129006 + 426710 = 13*x + 4*x. List the prime factors of x.
2, 11, 199
Let m be (1 - 3) + 1 - -61. Let a(t) = -t**3 + 6*t**2 - 5*t - 8. Let s be a(2). List the prime factors of s - 2 - (4 - m).
2, 13
Suppose -2301087 - 1677303 = -156*t - 81978. List the prime factors of t.
24977
Let p(l) = 11*l + 3. Let f be p(9). Let h = f + -67. List the prime factors of (88/5)/(7/h).
2, 11
Let x(b) = b**3 + 7*b**2 + 9*b - 1. Let a be x(-5). Suppose 5*c + a*k + 65 = 505, -5*k + 251 = 3*c. List the prime factors of c.
2, 23
Let c be 0 + -205 - 0*(-5)/55. Let t = 264 + c. What are the prime factors of t?
59
Suppose -u = w - 18, 11*u + 30 = 12*u - 5*w. What are the prime factors of 201*(-34)/(-30) + u/(-25)?
227
Let d(m) = -11 + 36*m + 31*m + 14*m - 23*m. List the prime factors of d(9).
7, 73
Suppose 2*r + l = 76095 - 17381, 5*l + 58678 = 2*r. What are the prime factors of r?
2, 13, 1129
Suppose 0 = 27*p - 235406 + 46703. List the prime factors of p.
29, 241
Suppose 3*a = 3*i - 1614, -4*i + 4*a - 1106 = -6*i. Suppose -4*f + 4089 = p - i, 4*p = 0. What are the prime factors of f?
2, 3, 193
Let p(q) = 24*q + 18*q + 30 - 13 + 3*q**2 + 25 + 57*q. What are the prime factors of p(-44)?
2, 3, 83
Let u(r) = 22*r**2 - 5*r - 9. Suppose -5*v - 13 = -0*v + c, 5*v = 4*c + 2. What are the prime factors of u(v)?
89
Let z(o) = -303*o + 214. List the prime factors of z(-12).
2, 5, 7, 11
Suppose 0 = -9*y + 6335 + 5320. Let m = 2428 - y. List the prime factors of m.
11, 103
Let d(u) = -4*u + 43. Let l be d(10). Suppose 624 = l*r + 2*o, 0*o - o + 417 = 2*r. Suppose -3*t - 3*t + r = 0. What are the prime factors of t?
5, 7
Suppose 3*j = -n - 21, j + 20 = n + 9. Let h(p) = p**2 - 22*p - 24. What are the prime factors of h(j)?
2, 3
Let m(u) = 40*u**2 - 14*u + 3. Suppose -2*j = -3*j - 5. List the prime factors of m(j).
29, 37
Let t(v) = -v + 14. Let y be t(5). Suppose 49*o - y*o = 22440. What are the prime factors of o?
3, 11, 17
Let j = 927 - 946. Let h(t) = -t**3 - 18*t**2 + 9*t - 109. List the prime factors of h(j).
3
Let j(c) = -12*c**2 + 17*c + 56. Let d(i) = 4*i**2 - 6*i - 19. Let l(u) = -17*d(u) - 6*j(u). What are the prime factors of l(8)?
3
Let o(c) = 45*c**2 - 18*c - 416. What are the prime factors of o(-26)?
2, 13, 293
Let r(q) = -q**3 - 2*q**2 + 13. Let n be r(0). Let a(p) = -3 - 17 - n*p - 6. List the prime factors of a(-8).
2, 3, 13
Let q(s) = -3*s**3. Let l be q(1). Suppose 10*w + 2 = 62. List the prime factors of (-66)/(-9)*(w - l).
2, 3, 11
Suppose -s - 2*h = -49278, -29*s - 5*h - 246285 = -34*s. What are the prime factors of s?
2, 3079
Let m be 21/(-1 + (0 - -4)). Suppose m*q - 8*q + 202 = 0. Suppose -2*c - q = -5*c - 5*b, -275 = -5*c + 4*b. List the prime factors of c.
59
Suppose 4*j - 3333 = -j - 2*k, 4*j = k + 2656. Let g = -296 + j. What are the prime factors of g?
3, 41
Suppose 0 = 3*n - 22 + 7. Suppose 5*p + 77 = s + 480, n*p - 407 = -s. Suppose -2*b + p = -87. List the prime factors of b.
2, 3, 7
Let x(l) be the second derivative of -l**5/20 - 7*l**4/6 - 2*l**3 - 6*l**2 + 17*l. Let o be x(-14). Suppose -o = -25*m + 23*m. What are the prime factors of m?
2, 3, 13
Let q be 1/(((-1)/(-1))/4). Suppose -4*f + q = -3*r + 8, 10 = f + 2*r. Suppose -f*m = 4*m - 24. What are the prime factors of m?
2
Let p be (((-6)/4)/(-1))/(9/(-18)). What are the prime factors of p/9*(-5544)/8?
3, 7, 11
What are the prime factors of (-5)/(-5) + 1846 + -3 - -8?
2, 463
Suppose -2*q - 94 = 1114. List the prime factors of q/(-1) + (-3 + 2)*-2.
2, 3, 101
Let z(j) = j**2 + 2*j - 2. Let q be z(1). Suppose 0 = -3*g + h - 7, 0*g - h - q = -g. What are the prime factors of (32/12 + g)*-6?
2
Suppose 21238 = 4*x + p - 49815, -x + 17762 = -p. What are the prime factors of x?
3, 31, 191
Let w = 8 - -16. Suppose 0 = -0*k + 5*k - 5, 5*x - w = k. Suppose -5*j + 34 + 39 = 2*i, 76 = x*j - i. List the prime factors of j.
3, 5
Suppose 5*g = -15, 2*g - 714 = -3*d - 2*d. Let z = 782 + d. What are the prime factors of z?
2, 463
Let t(f) = -f**2 - 4*f - 4. Let i be t(-2). Suppose -4*g + 1141 + 920 = 5*w, -2*g + 8 = i. What are the prime factors of w?
409
Let x(d) be the second derivative of -20*d**3/3 + 9*d**2 + 13*d - 2. What are the prime factors of x(-9)?
2, 3, 7
Suppose -2*r - 10 = -14. Suppose 2*c = t + t - r, -4*t = -5*c - 2. Suppose 0 = 2*b - 4*p - 118, -t*b - 2*b + 295 = 5*p. List the prime factors of b.
59
Let l be ((-99)/55)/(9/30). What are the prime factors of (-1*(-898)/l*-3)/1?
449
Let z(n) be the third derivative of -n**5/60 - 7*n**4/8 - n**3 + n**2. Suppose -228 = -86*q + 98*q. What are the prime factors of z(q)?
2
Let i be 774 - 24 - 1*(-2 - 0). Suppose 3*f + d - 1927 - i = 0, -d = -5*f + 4473. List the prime factors of f.
2, 3, 149
Let r(v) = -2793*v + 75. List the prime factors of r(-10).
3, 5, 1867
Let j(d) = 2*d**3 + 4*d**2 - d**2 - 2*d**2 - 4 - 5*d + d**2. Let u be j(-3). Let x = -21 - u. List the prime factors of x.
2
Suppose 142*d - 1327806 = 18*d - 10*d. What are the prime factors of d?
3, 367
Let c(i) = 161*i**3 + 6*i**2 - 4*i. Let m(v) = -4*v + 16. Let j be m(3). Let q be c(j). List the prime factors of q/77 + 2/14.
3, 5
Let m(x) = 7 + 0 + 10*x - 5*x - 14*x. Let d be m(7). Let s = -5 - d. List the prime factors of s.
3, 17
Let d(h) = 2*h**3 + 5*h**2 + 8*h - 3. Let p(s) = -23*s + 58*s**2 + 9 + 40*s**2 - 5*s**3 - 112*s**2. Let w(l) = 8*d(l) + 3*p(l). List the prime factors of w(5).
53
Let m = 8558 - 4789. List the prime factors of m.
3769
Let u = -17252 + 26741. What are the prime factors of u?
3, 3163
Suppose u = -4 - 2. List the prime factors of -215*((-21)/(-5) + u).
3, 43
Let s(l) = 69 - 26 - 20 - 584*l - 20. List the prime factors of s(-2).
1171
Let q = -306 + 312. What are the prime factors of (-199 + q)*(-1 + -2)?
3, 193
Let f(d) = -92*d - 7. Let w(t) = t**2 + 21*t - 50. Let l be w(-23). List the prime factors of f(l).
19
Let z = 9594 + -4992. List the prime factors of z.
2, 3, 13, 59
Let c(s) = 904*s + 261. What are the prime factors of c(6)?
3, 5, 379
Let i(n) = -4744*n + 1160. List the prime factors of i(-3).
2, 13, 37
Suppose 0 = 2*i - 2, -5*o + 128 = 3*i. Let w be 120/o - 2/(-10). Suppose w*u - 118 = 252. List the prime factors of u.
2, 37
Let l(g) = -25*g**2 + 4*g - 4. Let v be l(-3). What are the prime factors of 4 - (-2 + v + 1)?
2, 3, 41
Let f(m) = -2. Let n(d) = -2*d - 15. Let b(x) = -4*f(x) - 2*n(x). What are the prime factors of b(18)?
2, 5, 11
Let a = -1426 + 4185. What are the prime factors of a?
31, 89
Let n = 7761 + -3583. List the prime factors of n.
2, 2089
Let w = -12743 - -28866. What are the prime factors of w?
23, 701
Let a(r) = -2453*r + 5564. List the prime factors of a(-5).
3, 7, 283
Let n = 4762 - 4838. Let b be -10 + 2*3/6. Let v = b - n. What are the prime factors of v?
67
Suppose z + 26 = 5*s, 2*z + 